-17. What is the highest common factor of b and n?
2
Suppose 15*c = 12*c + 135. Calculate the greatest common divisor of c and 9.
9
Let w(f) = f**3 - f**2 + f + 1. Let l be w(0). Let u be 0 + (0 + -2)*l. Let v be (-5 - u)*40/(-6). What is the greatest common divisor of 10 and v?
10
Suppose i - 27 = -0*i - 4*a, -5*i = -4*a - 63. What is the greatest common divisor of 3 and i?
3
Let r = -32 - -62. Let d(n) = -n**3 + 25*n**2 - 47*n + 53. Let i be d(23). What is the greatest common factor of i and r?
30
Suppose 35*a - 36 = 31*a. Suppose -6 = -v - v. What is the highest common factor of a and v?
3
Let t be (-1 + -2)*2/(-6). Let a = -1 - -7. Suppose s + a*k - 4 = 3*k, -3*k = 2*s - 8. Calculate the highest common divisor of s and t.
1
Suppose 2*q - 3*q + 2*l - 604 = 0, 3*l = -q - 594. Let g be (-2)/(-6) + q/(-36). Calculate the greatest common factor of g and 136.
17
Let f(b) = 13*b**3 - 5*b**2 + b - 2. Let t be f(2). Suppose -3*k + r - 5*r = -40, -5*r = -4*k + 43. What is the highest common factor of t and k?
12
Let m = 277 + -151. What is the greatest common factor of 14 and m?
14
Let h(d) = -d**3 - 2*d**2 + 5*d - 2. Let o be h(-4). Suppose 2*j = o + 6. Calculate the highest common factor of 16 and j.
8
Suppose -5*g + 4*g = 3*y - 10, -4*y = -5*g - 7. Suppose -5*b = y*j - 17, 3*j - 15 = -3*b - 0*j. Let m = -9 - -18. What is the greatest common factor of b and m?
1
Suppose -3*m + 4 = 5*u + 41, 5 = 5*m. Let c be ((-33)/6)/((-2)/u). Let k = -1 - c. What is the greatest common divisor of 14 and k?
7
Let x = 6 - 3. Suppose -3 = -x*l - 18, 5*q - l = 230. Let a = 23 + -8. What is the highest common divisor of a and q?
15
Let p be (-1)/(2/(-4)) + 6. Let w be (p/3)/(3/9). Let y be (-2)/4 - (-132)/w. What is the highest common divisor of y and 24?
8
Let b(s) = -2*s - 17. Let y be b(-13). Let n be 12/6*y/6. Calculate the highest common divisor of 12 and n.
3
Suppose 4*p - 12 = 5*p + 3*c, 2*c + 10 = 0. What is the greatest common divisor of 33 and p?
3
Suppose 2*z = -z. Suppose z = -2*h + 17 + 45. Calculate the highest common divisor of 248 and h.
31
Let w(v) = -v**3 - 6*v**2 + 8*v + 9. Let l be w(-7). Let b = 19 - 9. Calculate the highest common divisor of l and b.
2
Let p(f) = 44*f + 3. Let o be p(8). Suppose -5*j + 4*i + o = 0, 0*i = 5*j + 4*i - 395. What is the greatest common divisor of j and 30?
15
Suppose 0 = -5*a - 1 + 31. Let d = a + 6. Suppose 4*w = 6*w - 192. What is the highest common factor of w and d?
12
Suppose -18*i - 130 = -23*i. Let z = 267 - -19. Calculate the highest common divisor of z and i.
26
Suppose -w - 6 = u + 2*u, w = 3*u + 18. Suppose 0*p + 216 = 4*p. Calculate the highest common factor of p and w.
6
Suppose 28 = 3*y + 4. What is the highest common divisor of y and 20?
4
Suppose 0 = -3*t + 56 + 79. Suppose 2*r - 58 = -4*i, -5*i + 2*r = -3*i - 32. Let l = i + -6. What is the highest common divisor of l and t?
9
Let g = -42 + 51. What is the greatest common factor of g and 6?
3
Let a(i) = -i**2 + 18*i - 36. Let t be a(12). What is the highest common divisor of t and 54?
18
Suppose 2*z - 10 = i + 10, 5*i = -z + 21. Suppose 10*l - 10 = 5*l. Let v be ((-44)/16)/(l/(-24)). Calculate the highest common divisor of z and v.
11
Let h = 331 - 223. Suppose 3*f - 10 = -2*f. Suppose -s - v = f*s - 34, 2*s = 4*v + 32. Calculate the highest common divisor of h and s.
12
Let p be (-24)/(-9)*24/2. Suppose -3*f = -f - p. What is the greatest common divisor of 48 and f?
16
Let n be (10 - 3)/(-3 - -2). Let i(c) = -4*c - 15. Let p be i(n). Suppose 35 = 2*l + 9. What is the greatest common factor of p and l?
13
Suppose 2*d = k + 2, -8*k + 4*k - 2*d - 58 = 0. Let n be 22/k*20*-3. What is the highest common divisor of n and 10?
10
Let b be -25*(24/10)/(-3). Let v = b + -9. What is the greatest common divisor of v and 77?
11
Let n be (-3)/6 - (-202)/4. Let t be (2 + 36/(-30))/(4/50). Calculate the greatest common factor of t and n.
10
Let r = -174 + 251. What is the greatest common factor of r and 7?
7
Let q(d) = d**3 - 2*d**2 - 6*d + 6. Suppose -8 = 4*s, l + 0*l + 5*s = -6. Let h be q(l). What is the highest common divisor of 2 and h?
2
Suppose 4*h - 9*h = -v - 422, 2*h + 3*v = 162. Calculate the greatest common divisor of 63 and h.
21
Let r = -20 - -5. Let f be r/(4/24*-1). What is the greatest common factor of 15 and f?
15
Suppose 2*f - 4*v = 24, -4*v - 95 = -5*f - v. Suppose -q + 3*z = -8, q - 3*z + 14 = 2*q. Calculate the greatest common divisor of f and q.
11
Let x(w) = w**3 + w**2 - 3*w + 1. Let v be x(3). What is the greatest common factor of 98 and v?
14
Suppose 4*x - 513 = 355. Let n = x + -127. What is the highest common factor of 36 and n?
18
Let a(r) = r + 18. Let l be a(0). Calculate the highest common divisor of l and 126.
18
Let s = 128 + -71. Suppose 4*n + 2*w + 3*w = s, n - 30 = 4*w. What is the greatest common factor of 6 and n?
6
Suppose -5*f + 378 = 28. Suppose -4*t + 366 = -t. Suppose -f = -2*q + t. What is the greatest common factor of 12 and q?
12
Let a = 7 + 2. Suppose 26 = 4*l + 2*c, 4*c - 43 + a = -5*l. Calculate the highest common factor of 48 and l.
6
Let w = 168 - 157. Calculate the greatest common factor of w and 99.
11
Let v be 3/15 - 273/15. Let n be (5 + 0)*v/(-15). Calculate the highest common divisor of 42 and n.
6
Let t(q) = -49*q - 60. Let c be t(-5). What is the greatest common divisor of 74 and c?
37
Suppose -2*h + 5*b = -63, 2*h + 0*h = b + 75. What is the highest common divisor of h and 26?
13
Suppose y + z = -0*z + 5, 1 = z. Let n(m) = 4*m - 4. Let p be n(y). What is the greatest common divisor of 36 and p?
12
Let y be (1 + -4)/(2/(-10)). Let z be 4/10 + (-115)/(-25). Suppose 300 = z*s - 0*s. Calculate the highest common factor of s and y.
15
Suppose f + 27 = -5*s, -2*s - 5*f - 13 = 7. Let k be (-3)/s*450/6. Calculate the greatest common divisor of k and 5.
5
Let u = 72 - 42. Calculate the greatest common divisor of u and 60.
30
Let b = 160 - 85. Suppose -5*j + 25 = 5*v, -3*j = -0*j - 6. Suppose 4*q = v*t + b, 5*q - 90 = 4*t + 5. What is the highest common factor of 5 and q?
5
Let g(v) = -17*v + 2. Let n be g(-2). Suppose 2*h + 4*c = 5*c + 211, 329 = 3*h + c. What is the greatest common divisor of h and n?
36
Let c = 3 - 2. Let s(w) = 10 - 1 - w - c. Let q be s(7). Calculate the highest common factor of 3 and q.
1
Let s be 17 - (1/(-1) + 2). Let j be 10/65 + (-400)/(-104). What is the greatest common factor of s and j?
4
Suppose 2*j - 3*c = -8*c + 887, -4*c - 12 = 0. Suppose -4*w = -5*v - j, -3*w + 2*w + 3*v = -104. What is the highest common divisor of 17 and w?
17
Let o(z) = -6*z - 54. Let w be o(-14). What is the highest common factor of 330 and w?
30
Suppose -4*o - 2*o + 528 = 0. Calculate the highest common divisor of o and 11.
11
Let l(d) = -d**3 + 9*d**2 + 39*d. Let b be l(12). What is the highest common factor of b and 36?
36
Suppose 4*b + 5 = 5*b. Calculate the greatest common divisor of 45 and b.
5
Let l = 55 + -10. Calculate the greatest common divisor of l and 30.
15
Let c(q) = -3*q - 14 - 11 + 5 + 2*q**2 - 4*q. Let s be c(10). Calculate the greatest common factor of 22 and s.
22
Suppose a - 171 = -2*a. What is the highest common divisor of a and 19?
19
Let y be (-4)/(-6) - 44/(-6). Let k be 2/(-9) - 190/(-45). Calculate the highest common divisor of y and k.
4
Suppose -298 = -0*h - 2*h. Let j be 2*29/2 + 0. Suppose -j = 5*b - h. What is the highest common divisor of 6 and b?
6
Let y = -136 + 92. Let v = y + 107. Calculate the highest common divisor of 9 and v.
9
Suppose y - 6*y = -365. Let s be -1 + y - (5 + -3). What is the highest common factor of 10 and s?
10
Let s(r) = 2*r + 3. Let d(z) = -3*z - 5. Let k(c) = -3*d(c) - 5*s(c). Let i be k(6). Let t be 680/15 + 2/i. Calculate the highest common factor of 9 and t.
9
Let t = -160 + 250. What is the highest common divisor of 10 and t?
10
Let b = -33 + 55. Calculate the highest common divisor of b and 55.
11
Let c be (-1001)/(-35) + 6/(-10). Calculate the greatest common divisor of c and 112.
28
Suppose -11*f + 6 = -8*f. Let o(h) = 16*h - 2. Let t be o(f). Calculate the greatest common factor of t and 20.
10
Suppose 0 = -4*a - 2*f + 934, 5*a - 431 - 723 = 2*f. What is the highest common factor of 29 and a?
29
Suppose -4*y + 7 = -9, -2*p - 2*y = -28. 